{"id":1145,"date":"2015-06-15T12:24:04","date_gmt":"2015-06-15T12:24:04","guid":{"rendered":"http:\/\/vigidev.fr\/?page_id=1145"},"modified":"2020-07-22T17:56:09","modified_gmt":"2020-07-22T15:56:09","slug":"mentions-legales","status":"publish","type":"page","link":"https:\/\/vigidev.fr\/?page_id=1145","title":{"rendered":"Mentions L\u00e9gales"},"content":{"rendered":"<div class=\"container marT60 padB60\">\n<div class=\"content col span_8\">\n<h5>Mentions l\u00e9gales<\/h5>\n<p>Vous \u00eates sur le site <strong>vigidev.fr<br \/>\n<\/strong>En conformit\u00e9 avec les dispositions de la loi du 6 janvier 1978, ce site a fait l\u2019objet d\u2019une d\u00e9claration aupr\u00e8s de la commission nationale informatique et libert\u00e9 (CNIL). D\u00e9claration n\u00b0 1812414v0.<\/p>\n<div id=\"page-content\">\n<h5>Editeur et responsable de la publication<\/h5>\n<div class=\"text\"><strong>Vigidev<br \/>\n<\/strong>77, Bd Richelieu<br \/>\n92500 Rueil MalmaisonT\u00e9l\u00e9phone : 01 41 420 421<br \/>\nE-mail : <a href=\"mailto:contact@vigidev.fr\">contact@vigidev.fr<br \/>\n<\/a><\/div>\n<p>N\u00b0 RCS : <span class=\"fontstyle0\">520 298 886<\/span><br \/>\nN\u00b0 Siret : <span class=\"fontstyle0\">520 298 886 00018<\/span><br \/>\nN\u00b0 TVA intracommunautaire : <span class=\"fontstyle0\">FR24520298886<\/span><\/p>\n<h5>R\u00e9alisation du site web<\/h5>\n<p>Lucinda MENDES <a title=\"contact@webdesigndev.fr\" href=\"mailto:%22contact@webdesigndev.fr.com%22\">contact@webdesigndev.fr<\/a><\/p>\n<h5>H\u00e9bergeur<\/h5>\n<p>VIGIDEV \u2013 http:\/\/vigidev.fr<\/p>\n<h5>Informations juridiques<\/h5>\n<p>L\u2019ensemble de ce site rel\u00e8ve des l\u00e9gislations fran\u00e7aise et internationale sur le droit d\u2019auteur et la propri\u00e9t\u00e9 intellectuelle. Tous les droits de reproduction sont r\u00e9serv\u00e9s, y compris pour les documents iconographiques et photographiques.<\/p>\n<p>Toute repr\u00e9sentation ou reproduction int\u00e9grale, ou partielle, faite sans le consentement de l\u2019auteur ou de ses ayants droits ou ayants causes, est illicite (loi du 11 mars 1957, alin\u00e9a 1er de l\u2019art. 40).<\/p>\n<p>Toute repr\u00e9sentation ou reproduction, par quelque proc\u00e9d\u00e9 que ce soit, constituerait donc une contrefa\u00e7on sanctionn\u00e9e par les articles 425 et suivants du code p\u00e9nal.<\/p>\n<p>L\u2019int\u00e9gralit\u00e9 des contenus pr\u00e9sent\u00e9s sur <b>vigidev.fr<\/b> est couverte par les droits moraux et les droits patrimoniaux de la soci\u00e9t\u00e9 Vigidev.<\/p>\n<h5>Protection des donn\u00e9es personnelles<\/h5>\n<p>Vigidev utilise vos donn\u00e9es personnelles pour le t\u00e9l\u00e9chargement des fiches produits Vigidev. Les donn\u00e9es \u00e0 caract\u00e8re personnel collect\u00e9es sur vigidev.fr sont exclusivement r\u00e9serv\u00e9es \u00e0 Vigidev.<\/p>\n<p>Nous conserverons vos donn\u00e9es personnelles pour la dur\u00e9e n\u00e9cessaire afin de r\u00e9aliser nos obligations en application de nos conditions de commercialisation et&nbsp;t\u00e9l\u00e9chargement , tel que pr\u00e9vu par la loi applicable. Nous conserverons \u00e9galement vos donn\u00e9es personnelles dans la mesure n\u00e9cessaire pour satisfaire \u00e0 nos obligations l\u00e9gales, r\u00e9gler les litiges et obtenir l\u2019ex\u00e9cution de nos contrats.<\/p>\n<p>En vertu de la loi Informatique et Libert\u00e9s du 6 janvier 1978, vous disposez d\u2019un droit d\u2019acc\u00e8s, d\u2019un droit d\u2019opposition, d\u2019un droit de rectification et\/ou de suppression pour les renseignements vous concernant que vous seriez susceptibles de communiquer dans le cadre de l\u2019utilisation de notre site et des services que nous proposons.<\/p>\n<p>Vous pouvez exercer ceux-ci en adressant votre demande (en indiquant votre adresse de courrier \u00e9lectronique, nom, pr\u00e9nom, adresse postale) par courrier \u00e9lectronique \u00e0 l\u2019adresse suivante : <a href=\"mailto:servicecommercial@vigidev.fr\">servicecommercial@vigidev.fr<\/a>.<\/p>\n<p>&nbsp;<\/p>\n<p>&nbsp;<\/p>\n<\/div>\n<\/div>\n<\/div>\n","protected":false},"excerpt":{"rendered":"<p>Mentions l\u00e9gales Vous \u00eates sur le site vigidev.fr En conformit\u00e9 avec les dispositions de la loi du 6 janvier 1978, ce site a fait l\u2019objet d\u2019une d\u00e9claration aupr\u00e8s de la commission nationale informatique et libert\u00e9 (CNIL). D\u00e9claration n\u00b0 1812414v0. Editeur&#8230;<\/p>\n","protected":false},"author":10,"featured_media":0,"parent":0,"menu_order":0,"comment_status":"closed","ping_status":"open","template":"","meta":[],"yoast_head":"<!-- This site is optimized with the Yoast SEO plugin v15.9.2 - https:\/\/yoast.com\/wordpress\/plugins\/seo\/ -->\n<title>Vigidev - Fabricant Fran\u00e7ais de syst\u00e8mes de s\u00fbret\u00e9 - Mentions L\u00e9gales - vigidev.fr<\/title>\n<meta name=\"description\" content=\"Mentions l\u00e9gales Vous \u00eates sur le site vigidev.fr En conformit\u00e9 avec les dispositions de la loi du 6 janvier 1978, ce site a fait l\u2019objet d\u2019une\" \/>\n<meta name=\"robots\" content=\"index, follow, max-snippet:-1, max-image-preview:large, max-video-preview:-1\" \/>\n<link rel=\"canonical\" href=\"https:\/\/vigidev.fr\/?page_id=1145\" \/>\n<meta property=\"og:locale\" content=\"fr_FR\" \/>\n<meta property=\"og:type\" content=\"article\" \/>\n<meta property=\"og:title\" content=\"Vigidev - Fabricant Fran\u00e7ais de syst\u00e8mes de s\u00fbret\u00e9 - Mentions L\u00e9gales - vigidev.fr\" \/>\n<meta property=\"og:description\" content=\"Mentions l\u00e9gales Vous \u00eates sur le site vigidev.fr En conformit\u00e9 avec les dispositions de la loi du 6 janvier 1978, ce site a fait l\u2019objet d\u2019une\" \/>\n<meta property=\"og:url\" content=\"https:\/\/vigidev.fr\/?page_id=1145\" \/>\n<meta property=\"og:site_name\" content=\"Vigidev veille \u00e0 votre s\u00e9curit\u00e9\" \/>\n<meta property=\"article:modified_time\" content=\"2020-07-22T15:56:09+00:00\" \/>\n<meta name=\"twitter:card\" content=\"summary_large_image\" \/>\n<meta name=\"twitter:label1\" content=\"Dur\u00e9e de lecture est.\">\n\t<meta name=\"twitter:data1\" content=\"2 minutes\">\n<script type=\"application\/ld+json\" class=\"yoast-schema-graph\">{\"@context\":\"https:\/\/schema.org\",\"@graph\":[{\"@type\":\"Organization\",\"@id\":\"https:\/\/vigidev.fr\/#organization\",\"name\":\"Vigidev\",\"url\":\"https:\/\/vigidev.fr\/\",\"sameAs\":[],\"logo\":{\"@type\":\"ImageObject\",\"@id\":\"https:\/\/vigidev.fr\/#logo\",\"inLanguage\":\"fr-FR\",\"url\":\"https:\/\/vigidev.fr\/wp-content\/uploads\/2017\/11\/cropped-Logo512x512_vigidev.jpg\",\"width\":512,\"height\":512,\"caption\":\"Vigidev\"},\"image\":{\"@id\":\"https:\/\/vigidev.fr\/#logo\"}},{\"@type\":\"WebSite\",\"@id\":\"https:\/\/vigidev.fr\/#website\",\"url\":\"https:\/\/vigidev.fr\/\",\"name\":\"Vigidev veille \\u00e0 votre s\\u00e9curit\\u00e9\",\"description\":\"Cr\\u00e9ateur de syst\\u00e8mes de contr\\u00f4le d&#039;acc\\u00e8s \/ intrusion \/ vid\\u00e9osurveillance\",\"publisher\":{\"@id\":\"https:\/\/vigidev.fr\/#organization\"},\"potentialAction\":[{\"@type\":\"SearchAction\",\"target\":\"https:\/\/vigidev.fr\/?s={search_term_string}\",\"query-input\":\"required name=search_term_string\"}],\"inLanguage\":\"fr-FR\"},{\"@type\":\"WebPage\",\"@id\":\"https:\/\/vigidev.fr\/?page_id=1145#webpage\",\"url\":\"https:\/\/vigidev.fr\/?page_id=1145\",\"name\":\"Vigidev - Fabricant Fran\\u00e7ais de syst\\u00e8mes de s\\u00fbret\\u00e9 - Mentions L\\u00e9gales - vigidev.fr\",\"isPartOf\":{\"@id\":\"https:\/\/vigidev.fr\/#website\"},\"datePublished\":\"2015-06-15T12:24:04+00:00\",\"dateModified\":\"2020-07-22T15:56:09+00:00\",\"description\":\"Mentions l\\u00e9gales Vous \\u00eates sur le site vigidev.fr En conformit\\u00e9 avec les dispositions de la loi du 6 janvier 1978, ce site a fait l\\u2019objet d\\u2019une\",\"breadcrumb\":{\"@id\":\"https:\/\/vigidev.fr\/?page_id=1145#breadcrumb\"},\"inLanguage\":\"fr-FR\",\"potentialAction\":[{\"@type\":\"ReadAction\",\"target\":[\"https:\/\/vigidev.fr\/?page_id=1145\"]}]},{\"@type\":\"BreadcrumbList\",\"@id\":\"https:\/\/vigidev.fr\/?page_id=1145#breadcrumb\",\"itemListElement\":[{\"@type\":\"ListItem\",\"position\":1,\"item\":{\"@type\":\"WebPage\",\"@id\":\"https:\/\/vigidev.fr\/\",\"url\":\"https:\/\/vigidev.fr\/\",\"name\":\"Accueil\"}},{\"@type\":\"ListItem\",\"position\":2,\"item\":{\"@type\":\"WebPage\",\"@id\":\"https:\/\/vigidev.fr\/?page_id=1145\",\"url\":\"https:\/\/vigidev.fr\/?page_id=1145\",\"name\":\"Mentions L\\u00e9gales\"}}]}]}<\/script>\n<!-- \/ Yoast SEO plugin. -->","_links":{"self":[{"href":"https:\/\/vigidev.fr\/index.php?rest_route=\/wp\/v2\/pages\/1145"}],"collection":[{"href":"https:\/\/vigidev.fr\/index.php?rest_route=\/wp\/v2\/pages"}],"about":[{"href":"https:\/\/vigidev.fr\/index.php?rest_route=\/wp\/v2\/types\/page"}],"author":[{"embeddable":true,"href":"https:\/\/vigidev.fr\/index.php?rest_route=\/wp\/v2\/users\/10"}],"replies":[{"embeddable":true,"href":"https:\/\/vigidev.fr\/index.php?rest_route=%2Fwp%2Fv2%2Fcomments&post=1145"}],"version-history":[{"count":6,"href":"https:\/\/vigidev.fr\/index.php?rest_route=\/wp\/v2\/pages\/1145\/revisions"}],"predecessor-version":[{"id":3350,"href":"https:\/\/vigidev.fr\/index.php?rest_route=\/wp\/v2\/pages\/1145\/revisions\/3350"}],"wp:attachment":[{"href":"https:\/\/vigidev.fr\/index.php?rest_route=%2Fwp%2Fv2%2Fmedia&parent=1145"}],"curies":[{"name":"wp","href":"https:\/\/api.w.org\/{rel}","templated":true}]}}