{"id":846,"date":"2015-05-27T11:57:54","date_gmt":"2015-05-27T11:57:54","guid":{"rendered":"http:\/\/vigidev.fr\/?page_id=846"},"modified":"2015-08-03T22:28:04","modified_gmt":"2015-08-03T22:28:04","slug":"rejoignez-nous","status":"publish","type":"page","link":"https:\/\/vigidev.fr\/?page_id=846","title":{"rendered":"S&rsquo;inscrire"},"content":{"rendered":"<p style=\"font-weight: bold;\">Cette inscription vous permettra de t\u00e9l\u00e9charger nos fiches produits<\/p>\n<p><strong><span id=\"result_box\" class=\"\" lang=\"fr\"><span class=\"hps\">adh\u00e9sion<\/span> <span class=\"hps\">gratuite<\/span><\/span><span id=\"result_box\" class=\"\" lang=\"fr\"><\/span><\/strong><\/p>\n<p><span id=\"result_box\" class=\"\" lang=\"fr\"><span class=\"hps\">Vous obtenez<\/span> <span class=\"hps\">un acc\u00e8s illimit\u00e9<\/span> <span class=\"hps\">au contenu<\/span> <span class=\"hps\">de<\/span> <span class=\"hps\">l&rsquo;adh\u00e9sion gratuite<\/span><\/span><\/p>\n<p><em><strong><span id=\"result_box\" class=\"\" lang=\"fr\"><span class=\"hps\">Prix:<\/span> <span class=\"hps\">gratuit<\/span><span class=\"\">!<\/span><\/span><\/strong><\/em><\/p>\n<p><span id=\"result_box\" class=\"\" lang=\"fr\"><span class=\"hps\">Lier l&rsquo;image<\/span> <span class=\"hps\">ci-dessous<\/span> <span class=\"hps\">pour acc\u00e9der \u00e0 la<\/span> <span class=\"hps\">page d&rsquo;inscription<\/span> <span class=\"hps\">si vous<\/span> <span class=\"hps\">souhaitez que vos visiteurs<\/span> <span class=\"hps\">soit en mesure<\/span> <span class=\"hps\">de cr\u00e9er un compte<\/span> <span class=\"hps\">\u00e0<\/span> <span class=\"hps\">l&rsquo;adh\u00e9sion gratuite<\/span><\/span><\/p>\n<p><img loading=\"lazy\" title=\"Join Now\" src=\"https:\/\/vigidev.fr\/wp-content\/plugins\/wp-eMember\/images\/join-now-button-image.gif\" alt=\"Join Now Button\" width=\"277\" height=\"82\" \/><\/p>\n<p><strong><span id=\"result_box\" class=\"\" lang=\"fr\"><span class=\"hps\">Vous pouvez vous inscrire<\/span> <span class=\"hps\">pour une<\/span> <span class=\"hps\">adh\u00e9sion<\/span> <span class=\"hps\">gratuite ou<\/span> <span class=\"hps\">payer pour<\/span> <span class=\"hps\">l&rsquo;une des options<\/span> <span class=\"hps\">suivantes<\/span> <span class=\"hps\">d&rsquo;adh\u00e9sion<\/span><\/span><\/strong><\/p>\n<p>[ ==&gt; <span id=\"result_box\" class=\"\" lang=\"fr\"><span class=\"hps\">Ins\u00e9rer<\/span> <span class=\"hps\">le bouton de paiement de vos<\/span> <span class=\"hps\">niveaux<\/span> <span class=\"hps\">d&rsquo;adh\u00e9sion payants<\/span> <span class=\"hps\">Ici<\/span><\/span> &lt;== ]<\/p>\n<p style=\"border-bottom: 1px solid #ccc; padding-bottom: 10px; margin-bottom: 10px;\">\n","protected":false},"excerpt":{"rendered":"<p>Cette inscription vous permettra de t\u00e9l\u00e9charger nos fiches produits adh\u00e9sion gratuite Vous obtenez un acc\u00e8s illimit\u00e9 au contenu de l&rsquo;adh\u00e9sion gratuite Prix: gratuit! Lier l&rsquo;image ci-dessous pour acc\u00e9der \u00e0 la page d&rsquo;inscription si vous souhaitez que vos visiteurs soit en&#8230;<\/p>\n","protected":false},"author":10,"featured_media":0,"parent":0,"menu_order":0,"comment_status":"open","ping_status":"open","template":"","meta":[],"yoast_head":"<!-- This site is optimized with the Yoast SEO plugin v15.9.2 - https:\/\/yoast.com\/wordpress\/plugins\/seo\/ -->\n<title>S&#039;inscrire - Vigidev veille \u00e0 votre s\u00e9curit\u00e9 Cr\u00e9ateur de syst\u00e8mes de contr\u00f4le d&#039;acc\u00e8s \/ intrusion \/ vid\u00e9osurveillance<\/title>\n<meta name=\"description\" content=\"Cette inscription vous permettra de t\u00e9l\u00e9charger nos fiches produits adh\u00e9sion gratuite Vous obtenez un acc\u00e8s illimit\u00e9 au contenu de l&#039;adh\u00e9sion gratuite\" \/>\n<meta name=\"robots\" content=\"index, follow, max-snippet:-1, max-image-preview:large, max-video-preview:-1\" \/>\n<link rel=\"canonical\" href=\"https:\/\/vigidev.fr\/?page_id=846\" \/>\n<meta property=\"og:locale\" content=\"fr_FR\" \/>\n<meta property=\"og:type\" content=\"article\" \/>\n<meta property=\"og:title\" content=\"S&#039;inscrire - Vigidev veille \u00e0 votre s\u00e9curit\u00e9 Cr\u00e9ateur de syst\u00e8mes de contr\u00f4le d&#039;acc\u00e8s \/ intrusion \/ vid\u00e9osurveillance\" \/>\n<meta property=\"og:description\" content=\"Cette inscription vous permettra de t\u00e9l\u00e9charger nos fiches produits adh\u00e9sion gratuite Vous obtenez un acc\u00e8s illimit\u00e9 au contenu de l&#039;adh\u00e9sion gratuite\" \/>\n<meta property=\"og:url\" content=\"https:\/\/vigidev.fr\/?page_id=846\" \/>\n<meta property=\"og:site_name\" content=\"Vigidev veille \u00e0 votre s\u00e9curit\u00e9\" \/>\n<meta property=\"article:modified_time\" content=\"2015-08-03T22:28:04+00:00\" \/>\n<meta property=\"og:image\" content=\"http:\/\/vigidev.fr\/wp-content\/plugins\/wp-eMember\/images\/join-now-button-image.gif\" \/>\n<meta name=\"twitter:card\" content=\"summary_large_image\" \/>\n<script type=\"application\/ld+json\" class=\"yoast-schema-graph\">{\"@context\":\"https:\/\/schema.org\",\"@graph\":[{\"@type\":\"Organization\",\"@id\":\"https:\/\/vigidev.fr\/#organization\",\"name\":\"Vigidev\",\"url\":\"https:\/\/vigidev.fr\/\",\"sameAs\":[],\"logo\":{\"@type\":\"ImageObject\",\"@id\":\"https:\/\/vigidev.fr\/#logo\",\"inLanguage\":\"fr-FR\",\"url\":\"https:\/\/vigidev.fr\/wp-content\/uploads\/2017\/11\/cropped-Logo512x512_vigidev.jpg\",\"width\":512,\"height\":512,\"caption\":\"Vigidev\"},\"image\":{\"@id\":\"https:\/\/vigidev.fr\/#logo\"}},{\"@type\":\"WebSite\",\"@id\":\"https:\/\/vigidev.fr\/#website\",\"url\":\"https:\/\/vigidev.fr\/\",\"name\":\"Vigidev veille \\u00e0 votre s\\u00e9curit\\u00e9\",\"description\":\"Cr\\u00e9ateur de syst\\u00e8mes de contr\\u00f4le d&#039;acc\\u00e8s \/ intrusion \/ vid\\u00e9osurveillance\",\"publisher\":{\"@id\":\"https:\/\/vigidev.fr\/#organization\"},\"potentialAction\":[{\"@type\":\"SearchAction\",\"target\":\"https:\/\/vigidev.fr\/?s={search_term_string}\",\"query-input\":\"required name=search_term_string\"}],\"inLanguage\":\"fr-FR\"},{\"@type\":\"ImageObject\",\"@id\":\"https:\/\/vigidev.fr\/?page_id=846#primaryimage\",\"inLanguage\":\"fr-FR\",\"url\":\"http:\/\/vigidev.fr\/wp-content\/plugins\/wp-eMember\/images\/join-now-button-image.gif\"},{\"@type\":\"WebPage\",\"@id\":\"https:\/\/vigidev.fr\/?page_id=846#webpage\",\"url\":\"https:\/\/vigidev.fr\/?page_id=846\",\"name\":\"S'inscrire - Vigidev veille \\u00e0 votre s\\u00e9curit\\u00e9 Cr\\u00e9ateur de syst\\u00e8mes de contr\\u00f4le d&#039;acc\\u00e8s \/ intrusion \/ vid\\u00e9osurveillance\",\"isPartOf\":{\"@id\":\"https:\/\/vigidev.fr\/#website\"},\"primaryImageOfPage\":{\"@id\":\"https:\/\/vigidev.fr\/?page_id=846#primaryimage\"},\"datePublished\":\"2015-05-27T11:57:54+00:00\",\"dateModified\":\"2015-08-03T22:28:04+00:00\",\"description\":\"Cette inscription vous permettra de t\\u00e9l\\u00e9charger nos fiches produits adh\\u00e9sion gratuite Vous obtenez un acc\\u00e8s illimit\\u00e9 au contenu de l'adh\\u00e9sion gratuite\",\"breadcrumb\":{\"@id\":\"https:\/\/vigidev.fr\/?page_id=846#breadcrumb\"},\"inLanguage\":\"fr-FR\",\"potentialAction\":[{\"@type\":\"ReadAction\",\"target\":[\"https:\/\/vigidev.fr\/?page_id=846\"]}]},{\"@type\":\"BreadcrumbList\",\"@id\":\"https:\/\/vigidev.fr\/?page_id=846#breadcrumb\",\"itemListElement\":[{\"@type\":\"ListItem\",\"position\":1,\"item\":{\"@type\":\"WebPage\",\"@id\":\"https:\/\/vigidev.fr\/\",\"url\":\"https:\/\/vigidev.fr\/\",\"name\":\"Accueil\"}},{\"@type\":\"ListItem\",\"position\":2,\"item\":{\"@type\":\"WebPage\",\"@id\":\"https:\/\/vigidev.fr\/?page_id=846\",\"url\":\"https:\/\/vigidev.fr\/?page_id=846\",\"name\":\"S&rsquo;inscrire\"}}]}]}<\/script>\n<!-- \/ Yoast SEO plugin. -->","_links":{"self":[{"href":"https:\/\/vigidev.fr\/index.php?rest_route=\/wp\/v2\/pages\/846"}],"collection":[{"href":"https:\/\/vigidev.fr\/index.php?rest_route=\/wp\/v2\/pages"}],"about":[{"href":"https:\/\/vigidev.fr\/index.php?rest_route=\/wp\/v2\/types\/page"}],"author":[{"embeddable":true,"href":"https:\/\/vigidev.fr\/index.php?rest_route=\/wp\/v2\/users\/10"}],"replies":[{"embeddable":true,"href":"https:\/\/vigidev.fr\/index.php?rest_route=%2Fwp%2Fv2%2Fcomments&post=846"}],"version-history":[{"count":3,"href":"https:\/\/vigidev.fr\/index.php?rest_route=\/wp\/v2\/pages\/846\/revisions"}],"predecessor-version":[{"id":1309,"href":"https:\/\/vigidev.fr\/index.php?rest_route=\/wp\/v2\/pages\/846\/revisions\/1309"}],"wp:attachment":[{"href":"https:\/\/vigidev.fr\/index.php?rest_route=%2Fwp%2Fv2%2Fmedia&parent=846"}],"curies":[{"name":"wp","href":"https:\/\/api.w.org\/{rel}","templated":true}]}}